{"version":"1.0","provider_name":"Sfide territoriali","provider_url":"https:\/\/territorialchallenges.com\/it","author_name":"ni.abdi","author_url":"https:\/\/territorialchallenges.com\/it\/author\/ni-abdi\/","title":"Les m\u00e9tropoles fran\u00e7aises font du collaboratif - Territorial Challenges","type":"rich","width":600,"height":338,"html":"<blockquote class=\"wp-embedded-content\" data-secret=\"mRuNKQHQlc\"><a href=\"https:\/\/territorialchallenges.com\/it\/2016\/07\/05\/les-metropoles-francaises-font-du-collaboratif\/211\/\">Le metropoli francesi collaborano<\/a><\/blockquote><iframe sandbox=\"allow-scripts\" security=\"restricted\" src=\"https:\/\/territorialchallenges.com\/it\/2016\/07\/05\/les-metropoles-francaises-font-du-collaboratif\/211\/embed\/#?secret=mRuNKQHQlc\" width=\"600\" height=\"338\" title=\"&#8220;Les m\u00e9tropoles fran\u00e7aises font du collaboratif&#8221; &#8212; Territorial Challenges\" data-secret=\"mRuNKQHQlc\" frameborder=\"0\" marginwidth=\"0\" marginheight=\"0\" scrolling=\"no\" class=\"wp-embedded-content\"><\/iframe><script>\n\/*! This file is auto-generated *\/\n!function(d,l){\"use strict\";l.querySelector&&d.addEventListener&&\"undefined\"!=typeof URL&&(d.wp=d.wp||{},d.wp.receiveEmbedMessage||(d.wp.receiveEmbedMessage=function(e){var t=e.data;if((t||t.secret||t.message||t.value)&&!\/[^a-zA-Z0-9]\/.test(t.secret)){for(var s,r,n,a=l.querySelectorAll('iframe[data-secret=\"'+t.secret+'\"]'),o=l.querySelectorAll('blockquote[data-secret=\"'+t.secret+'\"]'),c=new RegExp(\"^https?:$\",\"i\"),i=0;i<o.length;i++)o[i].style.display=\"none\";for(i=0;i<a.length;i++)s=a[i],e.source===s.contentWindow&&(s.removeAttribute(\"style\"),\"height\"===t.message?(1e3<(r=parseInt(t.value,10))?r=1e3:~~r<200&&(r=200),s.height=r):\"link\"===t.message&&(r=new URL(s.getAttribute(\"src\")),n=new URL(t.value),c.test(n.protocol))&&n.host===r.host&&l.activeElement===s&&(d.top.location.href=t.value))}},d.addEventListener(\"message\",d.wp.receiveEmbedMessage,!1),l.addEventListener(\"DOMContentLoaded\",function(){for(var e,t,s=l.querySelectorAll(\"iframe.wp-embedded-content\"),r=0;r<s.length;r++)(t=(e=s[r]).getAttribute(\"data-secret\"))||(t=Math.random().toString(36).substring(2,12),e.src+=\"#?secret=\"+t,e.setAttribute(\"data-secret\",t)),e.contentWindow.postMessage({message:\"ready\",secret:t},\"*\")},!1)))}(window,document);\n<\/script>","thumbnail_url":null,"thumbnail_width":null,"thumbnail_height":null,"description":"Organis\u00e9 par l'Association des CCI m\u00e9tropolitaines et France Urbaine, les responsables des m\u00e9tropoles de France se sont r\u00e9unis \u00e0 Bordeaux pour lancer un partenariat d'\u00e9changes de bonnes pratiques et profiter chacun des id\u00e9es des autres participants...."}

Les métropoles françaises font du collaboratif - Territorial Challenges

<blockquote class="wp-embedded-content" data-secret="mRuNKQHQlc"><a href="https://territorialchallenges.com/it/2016/07/05/les-metropoles-francaises-font-du-collaboratif/211/">Le metropoli francesi collaborano</a></blockquote><iframe sandbox="allow-scripts" security="restricted" src="https://territorialchallenges.com/it/2016/07/05/les-metropoles-francaises-font-du-collaboratif/211/embed/#?secret=mRuNKQHQlc" width="600" height="338" title="&#8220;Les métropoles françaises font du collaboratif&#8221; &#8212; Territorial Challenges" data-secret="mRuNKQHQlc" frameborder="0" marginwidth="0" marginheight="0" scrolling="no" class="wp-embedded-content"></iframe><script>
/*! This file is auto-generated */
!function(d,l){"use strict";l.querySelector&&d.addEventListener&&"undefined"!=typeof URL&&(d.wp=d.wp||{},d.wp.receiveEmbedMessage||(d.wp.receiveEmbedMessage=function(e){var t=e.data;if((t||t.secret||t.message||t.value)&&!/[^a-zA-Z0-9]/.test(t.secret)){for(var s,r,n,a=l.querySelectorAll('iframe[data-secret="'+t.secret+'"]'),o=l.querySelectorAll('blockquote[data-secret="'+t.secret+'"]'),c=new RegExp("^https?:$","i"),i=0;i<o.length;i++)o[i].style.display="none";for(i=0;i<a.length;i++)s=a[i],e.source===s.contentWindow&&(s.removeAttribute("style"),"height"===t.message?(1e3<(r=parseInt(t.value,10))?r=1e3:~~r<200&&(r=200),s.height=r):"link"===t.message&&(r=new URL(s.getAttribute("src")),n=new URL(t.value),c.test(n.protocol))&&n.host===r.host&&l.activeElement===s&&(d.top.location.href=t.value))}},d.addEventListener("message",d.wp.receiveEmbedMessage,!1),l.addEventListener("DOMContentLoaded",function(){for(var e,t,s=l.querySelectorAll("iframe.wp-embedded-content"),r=0;r<s.length;r++)(t=(e=s[r]).getAttribute("data-secret"))||(t=Math.random().toString(36).substring(2,12),e.src+="#?secret="+t,e.setAttribute("data-secret",t)),e.contentWindow.postMessage({message:"ready",secret:t},"*")},!1)))}(window,document);
</script>

Organisé par l'Association des CCI métropolitaines et France Urbaine, les responsables des métropoles de France se sont réunis à Bordeaux pour lancer un partenariat d'échanges de bonnes pratiques et profiter chacun des idées des autres participants....
