{"version":"1.0","provider_name":"Desaf\u00edos territoriales","provider_url":"https:\/\/territorialchallenges.com\/es","author_name":"ni.abdi","author_url":"https:\/\/territorialchallenges.com\/es\/author\/ni-abdi\/","title":"Le souhait indien d\u2019un Davos dans l\u2019Himalaya - Territorial Challenges","type":"rich","width":600,"height":338,"html":"<blockquote class=\"wp-embedded-content\" data-secret=\"vDep3uiz51\"><a href=\"https:\/\/territorialchallenges.com\/es\/2019\/09\/02\/le-souhait-indien-dun-davos-dans-lhimalaya\/1196\/\">El deseo de la India de un Davos en el Himalaya<\/a><\/blockquote><iframe sandbox=\"allow-scripts\" security=\"restricted\" src=\"https:\/\/territorialchallenges.com\/es\/2019\/09\/02\/le-souhait-indien-dun-davos-dans-lhimalaya\/1196\/embed\/#?secret=vDep3uiz51\" width=\"600\" height=\"338\" title=\"\u00abLe souhait indien d\u2019un Davos dans l\u2019Himalaya\u00bb \u2014 Territorial Challenges\" data-secret=\"vDep3uiz51\" frameborder=\"0\" marginwidth=\"0\" marginheight=\"0\" scrolling=\"no\" class=\"wp-embedded-content\"><\/iframe><script>\n\/*! This file is auto-generated *\/\n!function(d,l){\"use strict\";l.querySelector&&d.addEventListener&&\"undefined\"!=typeof URL&&(d.wp=d.wp||{},d.wp.receiveEmbedMessage||(d.wp.receiveEmbedMessage=function(e){var t=e.data;if((t||t.secret||t.message||t.value)&&!\/[^a-zA-Z0-9]\/.test(t.secret)){for(var s,r,n,a=l.querySelectorAll('iframe[data-secret=\"'+t.secret+'\"]'),o=l.querySelectorAll('blockquote[data-secret=\"'+t.secret+'\"]'),c=new RegExp(\"^https?:$\",\"i\"),i=0;i<o.length;i++)o[i].style.display=\"none\";for(i=0;i<a.length;i++)s=a[i],e.source===s.contentWindow&&(s.removeAttribute(\"style\"),\"height\"===t.message?(1e3<(r=parseInt(t.value,10))?r=1e3:~~r<200&&(r=200),s.height=r):\"link\"===t.message&&(r=new URL(s.getAttribute(\"src\")),n=new URL(t.value),c.test(n.protocol))&&n.host===r.host&&l.activeElement===s&&(d.top.location.href=t.value))}},d.addEventListener(\"message\",d.wp.receiveEmbedMessage,!1),l.addEventListener(\"DOMContentLoaded\",function(){for(var e,t,s=l.querySelectorAll(\"iframe.wp-embedded-content\"),r=0;r<s.length;r++)(t=(e=s[r]).getAttribute(\"data-secret\"))||(t=Math.random().toString(36).substring(2,12),e.src+=\"#?secret=\"+t,e.setAttribute(\"data-secret\",t)),e.contentWindow.postMessage({message:\"ready\",secret:t},\"*\")},!1)))}(window,document);\n<\/script>","thumbnail_url":null,"thumbnail_width":null,"thumbnail_height":null,"description":"Lors de sa participation au dernier Forum Economique Mondial (WEF), \u00e0 Davos, Nitin Gadkari, le ministre indien du transport, a eu une id\u00e9e. Cr\u00e9er le m\u00eame concept de rencontre des grands de ce monde sur les sommets de l\u2019Himalaya. Le ministre veut m\u00eame cr\u00e9er une ville intelligente pour l\u2019accueil chaque ann\u00e9e d\u2019un tel \u00e9v\u00e8nement. \u00ab\u2026Nous [&hellip;]"}

Desafíos territoriales

Lors de sa participation au dernier Forum Economique Mondial (WEF), à Davos, Nitin Gadkari, le ministre indien du transport, a eu une idée. Créer le même concept de rencontre des grands de ce monde sur les sommets de l’Himalaya. Le ministre veut même créer une ville intelligente pour l’accueil chaque année d’un tel évènement. «…Nous [&hellip;]
