{"version":"1.0","provider_name":"Desaf\u00edos territoriales","provider_url":"https:\/\/territorialchallenges.com\/es","author_name":"ni.abdi","author_url":"https:\/\/territorialchallenges.com\/es\/author\/ni-abdi\/","title":"E.commerce ou la confusion entre biens culturels et de consommation - Territorial Challenges","type":"rich","width":600,"height":338,"html":"<blockquote class=\"wp-embedded-content\" data-secret=\"6lbGGmhDnc\"><a href=\"https:\/\/territorialchallenges.com\/es\/2018\/01\/13\/1438-2\/1438\/\">Comercio electr\u00f3nico o la confusi\u00f3n entre bienes culturales y de consumo<\/a><\/blockquote><iframe sandbox=\"allow-scripts\" security=\"restricted\" src=\"https:\/\/territorialchallenges.com\/es\/2018\/01\/13\/1438-2\/1438\/embed\/#?secret=6lbGGmhDnc\" width=\"600\" height=\"338\" title=\"\u00abE.commerce ou la confusion entre biens culturels et de consommation\u00bb \u2014 Territorial Challenges\" data-secret=\"6lbGGmhDnc\" frameborder=\"0\" marginwidth=\"0\" marginheight=\"0\" scrolling=\"no\" class=\"wp-embedded-content\"><\/iframe><script>\n\/*! This file is auto-generated *\/\n!function(d,l){\"use strict\";l.querySelector&&d.addEventListener&&\"undefined\"!=typeof URL&&(d.wp=d.wp||{},d.wp.receiveEmbedMessage||(d.wp.receiveEmbedMessage=function(e){var t=e.data;if((t||t.secret||t.message||t.value)&&!\/[^a-zA-Z0-9]\/.test(t.secret)){for(var s,r,n,a=l.querySelectorAll('iframe[data-secret=\"'+t.secret+'\"]'),o=l.querySelectorAll('blockquote[data-secret=\"'+t.secret+'\"]'),c=new RegExp(\"^https?:$\",\"i\"),i=0;i<o.length;i++)o[i].style.display=\"none\";for(i=0;i<a.length;i++)s=a[i],e.source===s.contentWindow&&(s.removeAttribute(\"style\"),\"height\"===t.message?(1e3<(r=parseInt(t.value,10))?r=1e3:~~r<200&&(r=200),s.height=r):\"link\"===t.message&&(r=new URL(s.getAttribute(\"src\")),n=new URL(t.value),c.test(n.protocol))&&n.host===r.host&&l.activeElement===s&&(d.top.location.href=t.value))}},d.addEventListener(\"message\",d.wp.receiveEmbedMessage,!1),l.addEventListener(\"DOMContentLoaded\",function(){for(var e,t,s=l.querySelectorAll(\"iframe.wp-embedded-content\"),r=0;r<s.length;r++)(t=(e=s[r]).getAttribute(\"data-secret\"))||(t=Math.random().toString(36).substring(2,12),e.src+=\"#?secret=\"+t,e.setAttribute(\"data-secret\",t)),e.contentWindow.postMessage({message:\"ready\",secret:t},\"*\")},!1)))}(window,document);\n<\/script>","description":"L\u2019actualit\u00e9 du commerce sur Internet de ce mois de septembre a \u00e9t\u00e9 marqu\u00e9e par des annonces et un salon. Le point commun de toutes ces annonces, c\u2019est d\u2019\u00eatre des plateformes digitales qui distribuent aussi des contenus culturels mais sans conscience. Ils favorisent aux yeux des internautes une confusion entre les \u0153uvres de l\u2019esprit et les [&hellip;]"}

Desafíos territoriales

<blockquote class="wp-embedded-content" data-secret="6lbGGmhDnc"><a href="https://territorialchallenges.com/es/2018/01/13/1438-2/1438/">Comercio electrónico o la confusión entre bienes culturales y de consumo</a></blockquote><iframe sandbox="allow-scripts" security="restricted" src="https://territorialchallenges.com/es/2018/01/13/1438-2/1438/embed/#?secret=6lbGGmhDnc" width="600" height="338" title="«E.commerce ou la confusion entre biens culturels et de consommation» — Territorial Challenges" data-secret="6lbGGmhDnc" frameborder="0" marginwidth="0" marginheight="0" scrolling="no" class="wp-embedded-content"></iframe><script>
/*! This file is auto-generated */
!function(d,l){"use strict";l.querySelector&&d.addEventListener&&"undefined"!=typeof URL&&(d.wp=d.wp||{},d.wp.receiveEmbedMessage||(d.wp.receiveEmbedMessage=function(e){var t=e.data;if((t||t.secret||t.message||t.value)&&!/[^a-zA-Z0-9]/.test(t.secret)){for(var s,r,n,a=l.querySelectorAll('iframe[data-secret="'+t.secret+'"]'),o=l.querySelectorAll('blockquote[data-secret="'+t.secret+'"]'),c=new RegExp("^https?:$","i"),i=0;i<o.length;i++)o[i].style.display="none";for(i=0;i<a.length;i++)s=a[i],e.source===s.contentWindow&&(s.removeAttribute("style"),"height"===t.message?(1e3<(r=parseInt(t.value,10))?r=1e3:~~r<200&&(r=200),s.height=r):"link"===t.message&&(r=new URL(s.getAttribute("src")),n=new URL(t.value),c.test(n.protocol))&&n.host===r.host&&l.activeElement===s&&(d.top.location.href=t.value))}},d.addEventListener("message",d.wp.receiveEmbedMessage,!1),l.addEventListener("DOMContentLoaded",function(){for(var e,t,s=l.querySelectorAll("iframe.wp-embedded-content"),r=0;r<s.length;r++)(t=(e=s[r]).getAttribute("data-secret"))||(t=Math.random().toString(36).substring(2,12),e.src+="#?secret="+t,e.setAttribute("data-secret",t)),e.contentWindow.postMessage({message:"ready",secret:t},"*")},!1)))}(window,document);
</script>

L’actualité du commerce sur Internet de ce mois de septembre a été marquée par des annonces et un salon. Le point commun de toutes ces annonces, c’est d’être des plateformes digitales qui distribuent aussi des contenus culturels mais sans conscience. Ils favorisent aux yeux des internautes une confusion entre les œuvres de l’esprit et les [&hellip;]
